-6
What is (1 - (0 - 0)) + (-39 - -40)?
2
What is 3 - (-5 + (-6 + 7 - 2))?
9
-9 + -1 + 5 + 10
5
Evaluate 6 + 5 + -3 + -1 + -3.
4
1 - 5 - (-24 - -18) - -3
5
-4 - (-4 - (-1 + -5))
-6
Evaluate (-4 - -10) + 0 + -2 + -4.
0
Evaluate 1 - -2 - (11 - (-4 + 21)).
9
16 - 8 - 1 - 3
4
Calculate -1 - (-4 + 0 + (25 - 23)).
1
Evaluate -3 + 0 + (-2 - 0).
-5
What is (-11 - -14 - -8) + -1 + 0?
10
-14 - (11 - 18) - -8
1
What is (0 + -2 - -2) + 0?
0
Evaluate (5 - (23 - 6)) + 8.
-4
What is the value of (-2 - 2) + 11 + 1 + -1?
7
What is 1 + 1 - (5 - 7)?
4
Calculate -79 + 87 + (-2 - -4).
10
4 + (-2 + -2 - -3) + -8
-5
What is the value of -3 + (5 - 2 - 5)?
-5
What is -3 - (-9 + (2 - 1) + 1)?
4
Calculate -1 - (5 - (1 - -9)).
4
-2 + (5 - 8) + 8
3
Evaluate 11 + -1 + -7 + 2.
5
-8 + 7 + -4 - -2
-3
Evaluate 1 - (3 + 1 + -5).
2
Evaluate 6 - 1 - (-1 - (0 + -3)).
3
Evaluate 1 - (5 - ((10 - 4) + -5)).
-3
What is the value of -12 - 2 - (25 + -35)?
-4
(-4 - -3) + 6 + -6
-1
What is 4 - (-2 - -4) - (0 + 2)?
0
What is -4 + 2 - (8 + -5 + 0)?
-5
What is (-1 - (1 + -2)) + 25 + -23?
2
What is the value of 1 - (3 + 2 + -3 - 5)?
4
What is the value of 6 - ((-11 - -20) + -4)?
1
What is 3 - (-7 + 6) - 9?
-5
Evaluate -1 - (-2 + 2) - (10 + -15).
4
-2 - ((3 - -5) + -3)
-7
What is -1 + (-8 + 10 - 5) + 5?
1
What is -3 - (-9 - (0 + -3))?
3
Evaluate 1 + 2 - (6 - 6).
3
What is (12 - -2) + -7 + -1?
6
Evaluate (3 - 5) + (0 + 13 - 5).
6
Calculate 5 + 1 - (10 + -6).
2
What is the value of -1 - ((-14 - -3) + 3)?
7
What is the value of -1 - -7 - (6 + -11 - -7)?
4
-3 + (-15 + 25 - 10)
-3
What is the value of (1 - 3) + (0 - 2)?
-4
Evaluate 2 + 0 - (31 + -15 - 23).
9
4 + (1 - (-1 - -2))
4
What is -1 + -4 + 65 + -62?
-2
What is the value of 0 + -2 + 2 + 4?
4
What is the value of -5 + 20 + -7 - 2?
6
-5 - 0 - (-4 - 1)
0
6 + -4 + 3 + -11
-6
What is 0 + 7 + (3 - 17 - -14)?
7
Evaluate 1 - (-1 - 3 - (-9 - -4)).
0
Calculate -20 - -17 - (-5 - 6).
8
1 - -4 - ((-31 - -14) + 16)
6
5 - 1 - (1 - 5 - -13)
-5
What is the value of 3 - ((3 - 1) + 0 + -4)?
5
What is the value of 0 + 16 + -13 + (6 - 2)?
7
What is the value of 0 - (0 + (-16 - -11))?
5
What is (6 - 2) + -7 + (-6 - -2)?
-7
What is the value of -1 + 0 + 4 + -3 - -1?
1
What is -6 - -8 - (-1 + 4)?
-1
(-11 - -9) + (-1 - (-2 - 4))
3
What is the value of (-3 + 5 + -5 - -2) + -1?
-2
0 - (-6 + 3 + 6 + -1)
-2
What is the value of (-51 - -45) + 5 + -1 + 4?
2
-10 + 10 + 8 - 7
1
-12 + 5 - (0 - 2)
-5
What is 4 - 6 - 4 - -5?
-1
What is 58 + -54 + (-3 - 0)?
1
What is the value of -4 + 9 + (-2 - -2)?
5
What is -6 + 2 + 4 + -2?
-2
Calculate 2 - 7 - (-4 + 1 - -4).
-6
What is (1 - 3) + 0 + (-3 - -1)?
-4
(3 - 9) + (48 - 45)
-3
6 + -7 - (1 - 4) - -1
3
What is -67 + 63 - ((0 - -1) + -4)?
-1
(-3 - -1) + (-1 - -4) - 1
0
0 + -8 + 3 + 1 + 5
1
8 - ((-6 - -3) + 22)
-11
What is 12 - (4 + 4) - 7?
-3
What is (10 - 11) + 3 + 1 + 2?
5
Evaluate 6 - (5 + 6 + -13 - 0).
8
Evaluate (-14 + 7 + 5 - -8) + -1.
5
What is the value of -1 + 5 + -5 + 6 - 8?
-3
4 + (-8 - (-11 + -3))
10
Calculate -11 + 5 + 11 + -8.
-3
Calculate 4 + (-13 - (-5 + -9)).
5
Evaluate (2 - 15) + (-7 - (-9 - 2)).
-9
What is the value of (-4 - (3 + (-11 - 2))) + -11?
-5
-33 + 39 + (-2 - 1)
3
Calculate 3 - ((6 + -5 - -4) + -7).
5
Evaluate 1 + (4 - (1 + 2)).
2
What is the value of 0 - (7 - (11 + -6))?
-2
(1 - -7) + (-4 - 3)
1
What is -4 - (-12 + (1 - -3))?
4
What is the value of 8 + -4 + (11 - 15)?
0
Evaluate 8 + (-5 - (-4 + 2)).
5
Calculate -3 - (-19 - -9) - (5 - 0).
2
Calculate -11 + (-11 - -9) + 6.
-7
1 - 0 - (7 + -11)
5
What is the value of -9 + -1 - (28 - 31) - -1?
-6
Evaluate (11 - 15) + (2 - 1).
-3
Calculate (6 + -5 - (7 + -6)) + 8.
8
Evaluate -2 - (-3 + -4 - -4).
1
What is -5 + 16 - (12 + -5)?
4
What is 4 + -6 + (3 - (-1 - -3))?
-1
What is -16 - -5 - -7 - 1?
-5
(-13 - -15) + 3 + 4 + -1
8
What is the value of (-3 - -1) + (5 - 1) - 1?
1
Calculate 0 - (3 - 8 - -5).
0
Calculate 1 - (-2 + (-1 - (1 + -6))).
-1
What is the value of -12 - ((5 - 4) + -3)?
-10
Evaluate -133 - -139 - (4 - 1).
3
Evaluate -2 + 2 + 0 - (8 - 4).
-4
What is the value of 5 - (3 - (4 - 2) - -1)?
3
Calculate -7 - (1 + -5 + -3).
0
What is the value of (4 + -3 - -6) + (2 - 4)?
5
3 + -3 + 0 + -2
-2
Evaluate 0 + (4 - 4) + 2.
2
What is 7 - (10 + (-1 - -2))?
-4
1 + 0 + 0 + -2
-1
Calculate 3 + 1 - (11 + -11).
4
Evaluate -4 - 1 - (2 + 4 + -5).
-6
What is the value of (1 - -1 - (12 + -9)) + 4?
3
Calculate -6 - (-6 + 0) - (-1 + -1).
2
What is 11 + (-17 - 0) + 9?
3
What is -24 + 14 + 4 + 1 + -2?
-7
Calculate -2 - -1 - (0 - 4).
3
Calculate 3 - ((9 - 7 - 2) + 6).
-3
What is -6 + 2 - (-19 - -14)?
1
-6 - -1 - (0 - 2)
-3
What is -1 - (-1 + 2 + -3 + 2)?
-1
-4 + (-4 + 4 - 1)
-5
5 + 0 + -3 - -2
4
What is the value of -6 + (-1 - (-2 - 4))?
-1
-10 + (-1 + 9 - -5)
3
-4 - (-3 - 3) - 1
1
-4 - (3 - 3 - 0 - 6)
2
What is (5 - 2) + 4 + -4 - 5?
-2
What is the value of 8 + 3 + -5 - (0 - -1)?
5
Evaluate -2 + 8 - (3 + (5 - 6)).
4
Calculate 15 - 5 - (4 - -1).
5
-2 - (-4 + 1) - -1 - -3
5
Evaluate 2 + -2 + 1 - (-1 + -1).
3
What is the value of -4 + 3 - (-3 - 0)?
2
Calculate -4 + (-2 + -1 - (-9 + 4)).
-2
Calculate 9 - (5 + 1) - 7 - -4.
0
Calculate -3 + 0 + -7 + (5 - 1).
-6
What is the value of 18 - 12 - 11 - -4?
-1
Calculate -7 + 7 + (0 - -5).
5
3 + 1 - (-2 - -7)
-1
What is 26 - 30 - (1 + -5)?
0
12 + -7 + -9 - -5
1
Calculate 0 + 6 + -9 + 7.
4
Evaluate (-3 - -1) + 0 + -3 - -1.
-4
(4 - 1) + 5 + -5 - 0
3
Evaluate -2 + -1 + 9 - (-3 + 7).
2
Evaluate 1 - (-8 - (-8 - 0)).
1
What is the value of -3 + 3 - (0 - (1 + -2))?
-1
Evaluate 0 + -9 - (39 - 44).
-4
Calculate -10 - (1 - 1) - (16 + -19).
-7
Calculate 9 + -9 + 6 - -1.
7
Calculate 109 - 106 - (-1 + 9).
-5
2 - 1 - 0 - 2
-1
What is the value of 1 + (2 - 7) - (16 + -17)?
-3
Evaluate -4 + 2 + 0 - 2.
-4
What is -14 + 4 - -9 - -6?
5
-2 + -11 - (-4 - 0 - 2)
-7
Calculate -1 - (-4 + (4 - 5)).
4
What is -7 + (13 - 9) + (1 - -2)?
0
Evaluate -9 + 12 + (-3 - 0 - 1).
-1
Calculate (1 - 3 - -3) + -6.
-5
What is -5 - -11 - 5 - 1 - 1?
-1
Calculate -3 + 0 + (11 - 15) + 9.
2
What is the value of 2 - (10 + -4 + -7)?
3
What is the value of (3 - 1) + -4 - (6 - 7)?
-1
Calculate -2 + (-8 - -12) + 2.
4
What is the value of (8 - (1 - -6)) + -3?
-2
Evaluate -2 + 0 + 3 - -4.
5
What is -4 + (11 - 10) - (2 - 0)?
-5
Calculate -4 - -2 - (-2 + 0).
0
What is the value of -4 + (4 + 2 - (2 - 1))?
1
Evaluate -1 + 3 + 2 + -3.
1
What is the value of 0 - -3 - ((-1 - 0) + 2)?
2
What is the value of -2 - ((0 - 2) + -2)?
2
Evaluate -12 + (12 - (5 + -5)).
0
Evaluate 7 + (-1 - 3 - (5 - 9)).
7
What is the value of 1 + 1 + -18 + 16?
0
1 - 8 - (-12 + 10)
-5
Evaluate -4 + 11 + (-4 - -1) - -1.
5
What is the value of (3 - ((-1 - -5) + 4)) + 10?
5
Calculate 1 + 3 - (-4 - (6 - 13)).
1
Calculate -6 - (9 - (1 - -10)).
-4
What is the value of (-5 - -7) + (2 - (-1 + 1))?
4
What is (32 - 17) + -15 + (-1 - 0)?
-1
Evaluate 23 + -19 - (0 + 6).
-2
(0 + -1 - 0) + -3 + 3
-1
Calculate 1 + -2 + -2 + 7.
4
Evaluate 0 + -2 - (6 + -5 - 2).
-1
What is 0 + -9 + 105 + -85?
11
What is the value of 52 + -56 - (-4 - (0 + -1))?
-1
36 + -40 - (0 - 0)
-4
(19 - (-19 - -43)) + (6 - -1)
2
Calculate 1 + -10 + (3 - (6 + -5)).
-7
Evaluate -1 + -3 + -15 + 16 + 3.
0
(4 + -6 - 9 - -3) + 4
-4
Calculate -12 - -14 - (8 + -5).
-1
Evaluate 3 + 1 + 4 + -1 + -4.
3
What is -9 + 14 + -2 - 4?
-1
Calculate 1 - ((0 - 10) + 8).
3
Calculate 4 + -1 + (1 + -2 - 3).
-1
Evaluate 2 + (4 - 6) + 4.
4
Calculate -1 + 3 - (-130 + 126).
6
What is -1 + -4 + -1 + 6?
0
What is -4 - (4 - -8 - 12)?
-4
Evaluate (8 - 4) + -4 - 2.
-2
-1 + 2 - (-3 - (-8 + 0))
-4
What is the value of (3 - (1 - 1)) + (79 - 83)?
-1
-18 + 0 + 9 + 7
-2
Calculate -2 + 11 - (15 - 6).
0
Evaluate 5 + -6 + 0 + -3.
-4
What is the value of (-9 - -2 - (19 - 21)) + 9?
4
What is 1 + 1 - (-10 - -19 - 7)?
0
11 + 3 + -7 - 13
-6
Calculate 0 + 0 - (-39 + 43).
-4
What is the value of (0 - 6) + -2 - (-1 - 1)?
-6
What is (-2 - (-2 + 2)) + 5 + -4?
-1
What is (9 - 10) + (-5 - (-1 - 0))?
-5
What is the value of 3 + -6 - -4 - 2?
-1
What is the value of 2 + 0 + (4 - 1 - 3)?
2
Evaluate 0 + (-1 - (3 - (4 - -6))).
6
Calculate -5 + 4 + -2 + 5.
2
Calculate (7 - 2) + (-5 - 2) + 0.
-2
What is the value of 6 + (0 - 1) + (-14 - -16)?
7
Calculate 6 + 1 + (-49 - -46).
4
What is 11 - 12 - (3 + -4)?
0
-1 - (-2 - 2) - -1
4
Evalua